t common factor of c and p?
15
Let d(v) = 29*v + 2. Let c be d(-3). Let q = 43 - c. Calculate the highest common factor of q and 16.
16
Let p(w) = -2*w**3 - 2*w**2 + 2. Let b be p(-2). Suppose b = o + 1. Calculate the highest common divisor of 9 and o.
9
Let t be (-2 - -6)*(0 - -1). Calculate the greatest common factor of 4 and t.
4
Let h = 60 - 30. Let k = 501 - 456. What is the highest common divisor of h and k?
15
Let u = 2 + 13. Let d(o) = o**2 + 4*o - 6. Let q be d(-7). What is the highest common divisor of q and u?
15
Let g be -1 + 5 - (2 - 1)*2. What is the highest common divisor of g and 2?
2
Let j = 18 + -13. Suppose r - 3*s = 36, 3*r - 152 = j*s - 44. What is the greatest common factor of r and 9?
9
Let r(q) = -q**3 - q**2 - q + 11. Let d be r(0). Calculate the highest common divisor of 121 and d.
11
Let j = 62 - 13. Calculate the highest common factor of 7 and j.
7
Suppose -g + 6*g - 20 = 0, 5*g + 295 = 5*w. Let u = -8 + w. Let t be 4/(-2)*u/(-10). What is the highest common divisor of t and 88?
11
Suppose 2*a - 54 - 18 = 0. Calculate the greatest common factor of a and 72.
36
Let w be (1 - 1) + (2 - 2). Suppose 0*d - d + 2 = w. Let u be 31/2 + 1/d. What is the highest common factor of 4 and u?
4
Let x = -101 - -149. Suppose 0 = 2*w + 2*w - x. Calculate the greatest common factor of 132 and w.
12
Suppose 5*o - 2*h - 56 = 0, 0*o - 4*h = 5*o - 68. Let c = 211 + -103. Calculate the highest common factor of c and o.
12
Suppose w - j - 95 = j, 2*w - 175 = j. Suppose 3*v = 23 + w. Let l = -7 - -19. Calculate the highest common divisor of v and l.
12
Suppose 14 = u + u. Let f(h) = 2*h - 9. Let w be f(u). Calculate the greatest common divisor of 25 and w.
5
Let i = -1 - -7. Suppose 5*d - i = 14. Let j(l) = 48*l - 5. Let b be j(d). Calculate the highest common divisor of b and 17.
17
Let i be -6*(10 - 14 - 3/(-1)). Calculate the greatest common factor of 10 and i.
2
Suppose 48 = l - w, 2*l = -0*l + 5*w + 96. Calculate the greatest common factor of 6 and l.
6
Let a be 13/2*(25/(-5) - -7). Suppose -22 + 102 = 2*p - n, 2*n - 191 = -5*p. What is the highest common factor of a and p?
13
Let c(w) = 8*w**2 + 2*w + 6. Let t be c(-3). Let f = -10 - -18. What is the highest common factor of t and f?
8
Suppose 1 = 2*o - 7. Suppose -3*w - o*m = -7*w - 244, 5*m + 295 = -5*w. Let y = w - -132. What is the greatest common factor of 9 and y?
9
Let c be (-2)/4 + 27/6. Calculate the highest common factor of 44 and c.
4
Let f(g) = g**2 - 5. Let w = -7 - -12. Let o = 0 + w. Let d be f(o). What is the greatest common divisor of 50 and d?
10
Suppose 0 = -3*r + 4*i + 47, -2*i - 58 = -4*r + i. What is the greatest common factor of 143 and r?
13
Suppose 0 = 5*o + m - 57, 3*m + m = -o. What is the greatest common divisor of 18 and o?
6
Suppose 5*p = i + 75, -5*i = -p - 4*p + 95. Calculate the highest common factor of p and 112.
14
Let z be 1*(-2)/6*-9. Suppose 5*l = 37 + z. Let b = -8 + 16. Calculate the highest common divisor of b and l.
8
Suppose -l - 2*g = -4 - 8, 3*l - 4*g - 16 = 0. Let v(j) = -j**3 + 2*j**2 + 3*j - 4. Let m be v(-3). Calculate the highest common factor of l and m.
8
Let a(s) = -4*s**2 + 2*s + 2. Let b be a(-4). Let j = b + 134. Suppose 0*w + 80 = 5*w. What is the highest common divisor of w and j?
16
Let a = 1 + 16. Let z(i) = i**2 + 8*i + 2. Let m be z(-7). Let l = m - -22. Calculate the greatest common divisor of a and l.
17
Suppose -221 = -4*l - 57. Suppose 4*q = -9 + l. Calculate the highest common factor of q and 32.
8
Let o(n) = 2*n**2 - n + 30. Let c be o(0). Calculate the greatest common divisor of 330 and c.
30
Let v(r) = r**2 - 10*r - 31. Let f be v(13). Calculate the greatest common divisor of 64 and f.
8
Suppose i = 3*o - 15, -i + 4*o - 7 = 3*o. Let q = 5 + i. Suppose -5*s + 1 = -2*f + 5, -4*f = -5*s - 8. What is the highest common divisor of f and q?
2
Let w(d) = -d**3 + 11*d**2 + 2*d - 3. Suppose -2*y + 50 = 3*y. Let v be w(y). Calculate the highest common divisor of 13 and v.
13
Let n(t) = t**2 + 3*t - 5. Let c be n(-4). Let f(j) = 24*j**2. Let y be f(c). Calculate the greatest common factor of 6 and y.
6
Suppose -2*u - 2*m = -102 - 224, -5*m - 505 = -3*u. Let z = 14 - 10. Suppose -z*n = -n - u. Calculate the greatest common factor of 5 and n.
5
Suppose 5*l - 4*j - 140 = 0, -6*j = -l - j + 28. Let r be (l/12)/(1/12). What is the greatest common factor of r and 4?
4
Let p(i) = -i**3 + 2*i**2 + 2*i - 3. Let b be p(-3). Calculate the highest common divisor of 24 and b.
12
Let t be ((-1)/3)/((-8)/72). Suppose -t*c - 4*q = -0*q + 8, 0 = 4*c + 5*q + 12. Let m be (-478)/c - 2/(-8). Calculate the highest common factor of m and 6.
6
Let l(j) = 4*j**2 - 2. Let m be l(-5). What is the highest common factor of m and 14?
14
Let c(f) = f**3 + 6*f**2 + 3*f - 7. Let w be c(-5). Let y = 112 - 79. Calculate the highest common factor of w and y.
3
Let u be -3*(-4)/12*5. What is the highest common factor of u and 40?
5
Let o(j) = -j**3 - 7*j**2 - 8. Let d be o(-7). Let m be d/((4 - 1)/(-27)). Calculate the highest common divisor of 8 and m.
8
Suppose 7*m - 9 = 4*m. Suppose m*q + 16 + 14 = 0. Let w = q + 55. Calculate the highest common factor of w and 5.
5
Let i be 0 - (1 - 14*1). Let p = i - -7. What is the highest common divisor of 4 and p?
4
Suppose -59 - 22 = -9*t. Let y = 1 + 0. What is the highest common divisor of t and y?
1
Let b be (-8)/(-6) - (-592)/24. Calculate the highest common factor of b and 65.
13
Suppose c + 4*c = -10. Let d = c + 7. Suppose -2 + d = p. Calculate the greatest common divisor of p and 3.
3
Suppose 2*g - 82 = -4*t, -4*t = -0*g - 4*g + 224. Suppose 21 = -2*j - g. Let h = 14 - j. Calculate the highest common divisor of h and 20.
10
Let t be 10/(-6)*(3 + 0). Let o be (0 + 1)*(t - -7). Suppose 0 = 5*b - o*v - 270, -3*b - v + 2*v + 162 = 0. What is the greatest common factor of 36 and b?
18
Let u = -45 - -101. Let s(p) = -p**3 - 5*p**2 + 6*p + 7. Let w be s(-6). What is the highest common factor of w and u?
7
Let w(m) = 7*m**2 - m. Let u be w(-1). Suppose -2*t + 128 = 2*t. What is the greatest common factor of t and u?
8
Let o = 73 - 43. What is the highest common divisor of 45 and o?
15
Let n(k) = -k**3 - k**2 + 1. Let b be n(-2). Calculate the greatest common divisor of 25 and b.
5
Suppose 3*m + m - 20 = 0. Let v be (-72)/m - 6/(-15). Let z = -5 - v. Calculate the greatest common factor of z and 9.
9
Let b(z) = 8*z + 8. Let h be b(4). What is the greatest common factor of 4 and h?
4
Suppose c + 0*c + 3*l = 34, 4*l + 68 = 2*c. What is the greatest common factor of 51 and c?
17
Suppose -t = t - 18. Calculate the greatest common factor of 9 and t.
9
Suppose -95 = -31*y + 30*y. Calculate the highest common divisor of 57 and y.
19
Let m = 15 - 5. Suppose -5*q = -45 - 5. Calculate the greatest common factor of m and q.
10
Let p(o) = -3*o. Let x(d) = d. Let j(k) = p(k) - 3*x(k). Let s be j(-7). What is the highest common divisor of s and 14?
14
Suppose -183 = 3*n - 3*q, 4*q + 16 = n + 77. Let h = 105 + n. Let g = 68 - h. Calculate the highest common divisor of 60 and g.
12
Suppose -3*g = g - 48. Suppose 2*j - 202 + 34 = 0. Calculate the highest common divisor of g and j.
12
Let t be ((-1)/(-3))/(7/(-105)). Let n = 10 + t. Suppose -2*k - 495 = -n*k. Calculate the greatest common divisor of 15 and k.
15
Let l(j) = 32*j**2 + 2*j + 1. Let y be l(-2). Calculate the greatest common factor of 50 and y.
25
Let m(o) = o**2 + 10*o - 115. Let r be m(8). Suppose 2*x - 173 = 349. Calculate the highest common divisor of x and r.
29
Let g(f) = 12*f - 69. Let p be g(7). What is the highest common divisor of p and 50?
5
Suppose 3*v - 4*v = -3. Let w = -5 + 17. Calculate the highest common factor of w and v.
3
Let n = 5 + -5. Suppose -d + 40 = -n*d. Calculate the highest common divisor of d and 5.
5
Let h(y) = y**2 + y - 4. Let j be h(-3). Suppose -4 = -p + 4*n + 9, j*n = 4*p - 108. Calculate the highest common factor of p and 145.
29
Let l = 2 + -1. Let s be (-9 - -7)/(1/(-4)). What is the greatest common divisor of l and s?
1
Let m(f) = -f**2 - 5*f + 1. Let i be m(-5). Let w be (5 - i)*42/8. Suppose -4*x - 27 = -83. Calculate the greatest common factor of w and x.
7
Let l be 109/4 - (-1)/(-4). What is the greatest common divisor of 189 and